{"id":4580,"date":"2026-02-22T14:06:14","date_gmt":"2026-02-22T13:06:14","guid":{"rendered":"https:\/\/fkn.se\/?page_id=4580"},"modified":"2026-03-05T08:35:14","modified_gmt":"2026-03-05T07:35:14","slug":"arsmoteshandlingar","status":"publish","type":"page","link":"https:\/\/fkn.se\/index.php\/arsmoteshandlingar\/","title":{"rendered":"\u00c5rsm\u00f6teshandlingar"},"content":{"rendered":"\n<p>&nbsp;&nbsp; <strong>Kallelse till \u00e5rsm\u00f6te f\u00f6r f\u00f6reningen Karl Nordstr\u00f6m, <\/strong><strong>29 mars 2026, klockan 15.00&nbsp; i matsalen p\u00e5 Billstr\u00f6mska folkh\u00f6gskolan.<\/strong><strong><\/strong><\/p>\n\n\n\n<p><strong>F\u00f6rslag till dagordning<\/strong><\/p>\n\n\n\n<p>\u00a7 1 M\u00f6tets \u00f6ppnande<\/p>\n\n\n\n<p>\u00a7 2 Fr\u00e5ga om m\u00f6tets beh\u00f6riga utlysande<\/p>\n\n\n\n<p>\u00a7 3 Fastst\u00e4llande av dagordning<\/p>\n\n\n\n<p>\u00a7 4 Val av m\u00f6tesordf\u00f6rande<\/p>\n\n\n\n<p>\u00a7 5 Val av sekreterare f\u00f6r m\u00f6tet<\/p>\n\n\n\n<p>\u00a7 6 Val av tv\u00e5 justeringspersoner tillika r\u00f6str\u00e4knare, att j\u00e4mte ordf\u00f6randen justera dagens protokoll<\/p>\n\n\n\n<p>\u00a7 7 Styrelsens verksamhetsber\u00e4ttelse f\u00f6r verksamhets\u00e5ret 2025<\/p>\n\n\n\n<p>\u00a7 8 Ekonomisk redovisning f\u00f6r verksamhets\u00e5ret 2025<\/p>\n\n\n\n<p>\u00a7 9 Revisorernas ber\u00e4ttelse<\/p>\n\n\n\n<p>\u00a7 10 Fr\u00e5gan om ansvarsfrihet f\u00f6r styrelsen f\u00f6r verksamhets\u00e5ret 2025<\/p>\n\n\n\n<p>\u00a7 11 \u00c5rsavgift samt eventuella avgifter<\/p>\n\n\n\n<p>\u00a7 12 Uppl\u00e4sning av stadgar samt godk\u00e4nnande av dessa<\/p>\n\n\n\n<p>\u00a7 13 Val av styrelseordf\u00f6rande<\/p>\n\n\n\n<p>\u00a7 14 Val av 2 ordinarie styrelseledam\u00f6ter samt 1 suppleant f\u00f6r perioden 2026-\u00e5rsm\u00f6tet 2028<\/p>\n\n\n\n<p>\u00a7 15 Val av 2 revisorer (b\u00e5da f\u00f6r 1 \u00e5r)<\/p>\n\n\n\n<p>\u00a7 16 Val av valberedning f\u00f6r kommande m\u00f6te<\/p>\n\n\n\n<p>\u00a7 17 Planerad verksamhet f\u00f6r 2026<\/p>\n\n\n\n<p>\u00a7 18 Val av styrelseledam\u00f6ter f\u00f6r tecknande av firma<\/p>\n\n\n\n<p>\u00a7 19 \u00d6vriga fr\u00e5gor<\/p>\n\n\n\n<p>\u00a7 20 Avslutning<\/p>\n\n\n\n<p><img loading=\"lazy\" decoding=\"async\" width=\"113\" height=\"135\" src=\"blob:https:\/\/fkn.se\/a15e18bf-f17d-4e4d-8797-9a07c960c22a\">&nbsp;&nbsp; <strong>Verksamhetsber\u00e4ttelse f\u00f6r<\/strong> <strong>f\u00f6reningen Karl Nordstr\u00f6m 2025.<\/strong><\/p>\n\n\n\n<p>Styrelse f\u00f6r f\u00f6reningen har under \u00e5ret varit:<\/p>\n\n\n\n<p>Ordf\u00f6rande: Eva Green-Fredriksson, vice ordf\u00f6rande Britta Dahlberg, kass\u00f6r: Lisbeth Berndtsson,&nbsp; sekreterare: \u00c5sl\u00f6g Dahl,&nbsp; ledamot Barbro Leidz\u00e9n, ledamot Helena Sandin, ledamot H\u00e5kan Leidz\u00e9n (hemsidesansvarig).<\/p>\n\n\n\n<p>Vid halv\u00e5sskiftet bytte f\u00f6reningen kass\u00f6r fr\u00e5n tidigare Lisbeth Berndtsson till nuvarande Barbro Leidz\u00e9n.<\/p>\n\n\n\n<p>Ers\u00e4ttare:&nbsp; Solveig Olausson samt Anna Robertsson Peters\u00e9n<\/p>\n\n\n\n<p>Revisorer: Bj\u00f6rn Johannessen samt Peter B\u00e4cklund<\/p>\n\n\n\n<p>Valberdning: Styrelsen har utgjort valberedning.<\/p>\n\n\n\n<p>F\u00f6reningen hade under 2025, 60 betalande medlemmar samt 4 &nbsp;hedersmedlemmar<\/p>\n\n\n\n<p>Under \u00e5ret har styrelsen haft 9 ordinarie styrelsem\u00f6ten, inklusive \u00e5rsm\u00f6te samt det konstituerande m\u00f6tet efter \u00e5rsm\u00f6tet (17\/1, 1\/3, 16\/3 26\/4,&nbsp; 16\/5, 27\/6,15\/8, 26\/9 samt 7\/11).<\/p>\n\n\n\n<p>Styrelsen har ocks\u00e5 under 11 tr\u00e4ffar bedrivit en studiecirkel i samarbete med ABF, Sydv\u00e4stra g\u00f6taland under v\u00e5ren samt i samarbete med Billstr\u00f6mska folkh\u00f6gskolan under h\u00f6sten, f\u00f6r att p\u00e5 b\u00e4sta s\u00e4tt ta hand om och kunna f\u00f6ra Karl Nordstr\u00f6ms minne vidare till nya generationer. Barbro Leidz\u00e9n samt Eva Green-Fredriksson har ocks\u00e5 deltagit p\u00e5 tv\u00e5 av kommunens kulturf\u00f6rvaltningskv\u00e4llar kring kulturf\u00f6reningarnas arbete.<\/p>\n\n\n\n<p>Styrelsen har s\u00f6kt men i \u00e5r ej blivit beviljade n\u00e5gra pengar fr\u00e5n Thord\u00e9nstiftelsen.<\/p>\n\n\n\n<p>Styelsen har s\u00f6kt och blivit beviljade 8500:- till fortsatt arbete med donationen<\/p>\n\n\n\n<p>Fyra f\u00f6reningsbrev har skickats ut till medlemmarna under \u00e5ret.<\/p>\n\n\n\n<p><strong>F\u00f6reningsaktiviteter under 2025:<\/strong><\/p>\n\n\n\n<p><strong>8\/3, internationella kvinnodagen,<\/strong> bes\u00f6kte f\u00f6reningen G\u00f6teborgs Konstmuseum och utst\u00e4llningen Apokalyps- Fr\u00e5n yttersta domen till klimathot. Som alltid blev detta evenemang v\u00e4lbes\u00f6kt av v\u00e5ra medlemmar.<\/p>\n\n\n\n<p><strong>26\/3<\/strong> kunde f\u00f6reningens \u00e5rsm\u00f6te stadgeenligt genomf\u00f6ras. Efter m\u00f6tet bj\u00f6ds det p\u00e5 kaffe och sm\u00f6rg\u00e5s till musik fr\u00e5n Billstr\u00f6mskas musiklinje.<\/p>\n\n\n\n<p><strong>11\/7 <\/strong>firades Karl Nordstr\u00f6mdagen traditionsenligt med hurrarop och kransbekl\u00e4dnad av jubilaren (som skulle blivit 170 \u00e5r i \u00e5r) vid Carl Elds byst p\u00e5 Billstr\u00f6mska folkh\u00f6gskolan. D\u00e4refter f\u00f6ljde ett f\u00f6redrag i Tyftsalen av Birgitta \u00c5hlund som uppeh\u00f6ll sig kring tankar om hur Karls konst p\u00e5verkat efterkommande konstn\u00e4rer.&nbsp; Ett fantastiskt bra, ljust och uppskattat f\u00f6redrag.<\/p>\n\n\n\n<p>Efterson det var ett s\u00e4rskilt \u00e5r i \u00e5r ville vi g\u00f6ra lite extra som att be de av v\u00e5ra medlemmar som har tavlor av Karl att visa upp dem f\u00f6r f\u00f6reningens medlemmar och faktiskt ocks\u00e5 f\u00f6r allm\u00e4nheten. Utst\u00e4llningen (med vakter) h\u00f6ll \u00f6ppet under tre dagar. Ett mycket uppskattat inslag, ett extra tack till de medlemmar som l\u00e4t oss se era tavlor. &nbsp;&nbsp;I samband med dagen presenterades ocks\u00e5 det tv\u00e5 f\u00f6rsta fotob\u00f6ckerna som f\u00f6reningens studiecirkel arbetat fram.<\/p>\n\n\n\n<p><strong>30\/8 <\/strong>Hade f\u00f6reningen planerat en konstresa till Halmstads konstmuseum och Mjellby konstg\u00e5rd och utst\u00e4llningen, Vattenreflektioner. Tyv\u00e4rr fick resan st\u00e4llas in denna g\u00e5ngen p\u00e5 grund av f\u00f6r f\u00e5 anm\u00e4lningar. S\u00e5 blir det ibland.<\/p>\n\n\n\n<p><strong>8\/11 <\/strong>hade vi ett bokat bes\u00f6kp\u00e5 G\u00f6teborgs Stadsmuseum och utst\u00e4llningen \u2013 Lillhagen i f\u00e4rg.&nbsp; En v\u00e4lbes\u00f6kt och fantastiskt fin utst\u00e4llning&nbsp; \u00f6ver en annan tid i Sverige, med guidning av f\u00f6reningens \u201degen guide\u201d Johannes Nordholm. Efter bes\u00f6ket fanns det bokat fika i Kronhusbodarnas kaf\u00e9, och m\u00e5nga medlemmar valde att sl\u00e5 f\u00f6lje dit.<\/p>\n\n\n\n<p>Vi har under \u00e5ret haft extra \u00f6ppet i galleriet vid flertal tillf\u00e4llen d\u00e5 skolan, kommunen eller privatpersoner \u00f6nskat guidning om Karl Nordstr\u00f6m.<\/p>\n\n\n\n<p><strong>Hemsidan: <\/strong>F\u00f6reningens hemsida uppdateras regelbundet och d\u00e4r kan du ta del av nyheter och utskick fr\u00e5n f\u00f6reningen men d\u00e4r \u00e4r ocks\u00e5 mycket fina bilder och text kring v\u00e5rt gemensamma intresse, Karl Nordstr\u00f6m, hans samtid p\u00e5 Tj\u00f6rn och andra platser i Europa. Tack till dem som jobbat med denna i d\u00e5- och nutid.<\/p>\n\n\n\n<p><strong>Slutord.<\/strong>N\u00e4r man g\u00f6r en summering av verksamhets\u00e5ret kan vi konstatera att vi \u00e4ven detta \u00e5r kunnat presentera och delta p\u00e5 m\u00e5nga sp\u00e4nnande f\u00f6reningsaktiviteter. 2025 blev ett rikt \u00e5r ur den synpunkten. Nu st\u00e5r vi inf\u00f6r 2026 och hoppas att kunna forts\u00e4tta p\u00e5 v\u00e5r inslagna v\u00e4g. Vi har en fortsatt l\u00e5ng v\u00e4g n\u00e4r det g\u00e4ller v\u00e5rt arbete med donationen, det tar tid och resurser men \u00e4r fantastikt h\u00e4rligt att f\u00e5 vara med om, vi hoppas att ni, v\u00e5ra k\u00e4ra medlemmar, k\u00e4nner av v\u00e5r entusiasm s\u00e5 att \u00e4ven ni f\u00e5r k\u00e4nna er delaktiga i detta arbete. Vi kommer att forts\u00e4tta h\u00e5lla er underr\u00e4ttade. Det \u00e4r en fr\u00f6jd f\u00f6r oss att f\u00e5 utg\u00f6ra en styrelse f\u00f6r en f\u00f6rening som \u00e4r s\u00e5 levande och engagerad som just, F\u00f6reningen Karl Nordstr\u00f6m.<\/p>\n\n\n\n<p>Dock tappar f\u00f6reningen medlemmar. Vi i styrelsen tar g\u00e4rna emot tips p\u00e5 hur vi kan bli b\u00e4ttre p\u00e5 att rekrytera nya medlemmar. Sprid g\u00e4rna till v\u00e4nner och bekanta att f\u00f6reningen finns.<\/p>\n\n\n\n<p><strong>S\u00e4by den 11 januari&nbsp; 2026<\/strong><\/p>\n\n\n\n<p>Eva Green-F, ordf&nbsp;&nbsp;&nbsp;&nbsp;&nbsp;&nbsp;&nbsp;&nbsp;&nbsp;&nbsp;&nbsp;&nbsp;&nbsp;&nbsp;&nbsp;&nbsp;&nbsp; Britta Dahlberg, vice ordf, &nbsp;&nbsp;&nbsp;&nbsp;&nbsp;&nbsp;&nbsp;&nbsp;&nbsp;&nbsp;&nbsp;&nbsp;&nbsp;&nbsp;&nbsp;&nbsp;&nbsp;&nbsp;&nbsp;&nbsp;&nbsp;&nbsp;&nbsp;&nbsp;&nbsp; \u00c5s\u00f6g Dahl, sekr<\/p>\n\n\n\n<p>Lisbeth Berndtsson, kass\u00f6r\/ ledamot &nbsp;&nbsp;&nbsp;&nbsp;&nbsp;&nbsp;&nbsp;&nbsp;&nbsp;&nbsp;&nbsp;&nbsp;&nbsp;&nbsp;&nbsp;&nbsp;&nbsp;&nbsp;&nbsp;&nbsp;&nbsp;&nbsp;&nbsp;Barbro Leidz\u00e9n, ledamot \/ kass\u00f6r<\/p>\n\n\n\n<p>H\u00e5kan Leidz\u00e9n, ledamot &nbsp;&nbsp;&nbsp;&nbsp;&nbsp;&nbsp;Helena Sandin, ledamot&nbsp;&nbsp;&nbsp;&nbsp;&nbsp;&nbsp;&nbsp;&nbsp;<\/p>\n\n\n\n<p><\/p>\n\n\n\n<figure class=\"wp-block-table\"><table class=\"has-fixed-layout\"><tbody><tr><td colspan=\"4\">F\u00d6RENINGEN KARL NORDSTR\u00d6M<\/td><\/tr><tr><td><\/td><td class=\"has-text-align-left\" data-align=\"left\"><\/td><td><\/td><td><\/td><\/tr><tr><td colspan=\"2\">RESULTATR\u00c4KNING 2025<\/td><td class=\"has-text-align-left\" data-align=\"left\"><\/td><td><\/td><\/tr><tr><td><\/td><td class=\"has-text-align-left\" data-align=\"left\"><\/td><td><\/td><td><\/td><\/tr><tr><td>Int\u00e4kter<\/td><td class=\"has-text-align-left\" data-align=\"left\"><\/td><td><\/td><td><\/td><\/tr><tr><td><\/td><td class=\"has-text-align-left\" data-align=\"left\">\u00d6verf\u00f6rt fr\u00e5n 2024<\/td><td>4 476 kr<\/td><td><\/td><\/tr><tr><td><\/td><td class=\"has-text-align-left\" data-align=\"left\">Medlemsavgifter<\/td><td>6 100 kr<\/td><td><\/td><\/tr><tr><td><\/td><td class=\"has-text-align-left\" data-align=\"left\">Thord\u00e8nstiftelsen<\/td><td>15 000 kr<\/td><td><\/td><\/tr><tr><td><\/td><td class=\"has-text-align-left\" data-align=\"left\">Tj\u00f6rns kommun verksamhetsbidrag&nbsp;&nbsp;&nbsp;&nbsp;&nbsp;&nbsp;&nbsp;<\/td><td>8 500 kr<\/td><td><\/td><\/tr><tr><td><\/td><td class=\"has-text-align-left\" data-align=\"left\">KN-dagen 11 juli<\/td><td>2 200 kr<\/td><td><\/td><\/tr><tr><td><\/td><td class=\"has-text-align-left\" data-align=\"left\">Fotob\u00f6cker<\/td><td>1 600 kr<\/td><td><\/td><\/tr><tr><td><\/td><td class=\"has-text-align-left\" data-align=\"left\">R\u00e4nta<\/td><td>93 kr<\/td><td><\/td><\/tr><tr><td><\/td><td class=\"has-text-align-left\" data-align=\"left\">Summa&nbsp;<\/td><td>37 969 kr<\/td><td>37 969 kr<\/td><\/tr><tr><td><\/td><td class=\"has-text-align-left\" data-align=\"left\"><\/td><td><\/td><td><\/td><\/tr><tr><td>Kostnader<\/td><td class=\"has-text-align-left\" data-align=\"left\"><\/td><td><\/td><td><\/td><\/tr><tr><td><\/td><td class=\"has-text-align-left\" data-align=\"left\">Banktj\u00e4nster<\/td><td>1 331 kr<\/td><td><\/td><\/tr><tr><td><\/td><td class=\"has-text-align-left\" data-align=\"left\">\u00c5rsm\u00f6te<\/td><td>1 307 kr<\/td><td><\/td><\/tr><tr><td><\/td><td class=\"has-text-align-left\" data-align=\"left\">Uppvaktningar<\/td><td>791 kr<\/td><td><\/td><\/tr><tr><td><\/td><td class=\"has-text-align-left\" data-align=\"left\">Konstmus\u00e9et<\/td><td>2 130 kr<\/td><td><\/td><\/tr><tr><td><\/td><td class=\"has-text-align-left\" data-align=\"left\">KN-dagen 11 juli<\/td><td>1 732 kr<\/td><td><\/td><\/tr><tr><td><\/td><td class=\"has-text-align-left\" data-align=\"left\">Data- kostnader<\/td><td>1 858 kr<\/td><td><\/td><\/tr><tr><td><\/td><td class=\"has-text-align-left\" data-align=\"left\">Kamerahuset<\/td><td>6 706 kr<\/td><td><\/td><\/tr><tr><td><\/td><td class=\"has-text-align-left\" data-align=\"left\">Summa<\/td><td>15 855 kr<\/td><td>15 855 kr<\/td><\/tr><tr><td><\/td><td class=\"has-text-align-left\" data-align=\"left\"><\/td><td><\/td><td><\/td><\/tr><tr><td>Resultat<\/td><td class=\"has-text-align-left\" data-align=\"left\"><\/td><td>22 114 kr<\/td><td>22 114 kr<\/td><\/tr><\/tbody><\/table><\/figure>\n\n\n\n<figure class=\"wp-block-table\"><table class=\"has-fixed-layout\"><tbody><tr><td colspan=\"2\">BALANSR\u00c4KNING 2025<\/td><td><\/td><td><\/td><td><\/td><\/tr><tr><td><\/td><td><\/td><td><\/td><td><\/td><td><\/td><\/tr><tr><td>Beh\u00e4llning vid \u00e5rets b\u00f6rjan:<\/td><td><\/td><td><\/td><td><\/td><td><\/td><\/tr><tr><td><\/td><td>Tj\u00f6rns sparbank Placering<\/td><td>11 776,44 kr<\/td><td><\/td><td><\/td><\/tr><tr><td><\/td><td>Tj\u00f6rns sparbank F\u00f6retag<\/td><td>4 475,75 kr<\/td><td><\/td><td><\/td><\/tr><tr><td><\/td><td>Tj\u00f6rns sparbank Swich<\/td><td>0,00 kr<\/td><td><\/td><td><\/td><\/tr><tr><td><\/td><td>Summa&nbsp;<\/td><td>16 252,19 kr<\/td><td>16 252,19 kr<\/td><td><\/td><\/tr><tr><td><\/td><td><\/td><td><\/td><td><\/td><td><\/td><\/tr><tr><td>Beh\u00e5llning vid \u00e5rets slut:<\/td><td><\/td><td><\/td><td><\/td><td><\/td><\/tr><tr><td><\/td><td>Tj\u00f6rns sparbank Placering<\/td><td>11 869,89 kr<\/td><td><\/td><td><\/td><\/tr><tr><td><\/td><td>Tj\u00f6rns sparbank F\u00f6retag<\/td><td>22 020,96 kr<\/td><td><\/td><td><\/td><\/tr><tr><td><\/td><td>Tj\u00f6rns sparbank Swich<\/td><td>0,00 kr<\/td><td><\/td><td><\/td><\/tr><tr><td><\/td><td>Summa<\/td><td>33 890,85 kr<\/td><td>33 890,85 kr<\/td><td><\/td><\/tr><tr><td><\/td><td><\/td><td><\/td><td><\/td><td><\/td><\/tr><tr><td>Resultat<\/td><td><\/td><td><\/td><td>17 638,66 kr<\/td><td><\/td><\/tr><tr><td><\/td><td><\/td><td><\/td><td><\/td><td><\/td><\/tr><tr><td><\/td><td><\/td><td><\/td><td><\/td><td><\/td><\/tr><tr><td><\/td><td><\/td><td><\/td><td><\/td><td><\/td><\/tr><tr><td><\/td><td><\/td><td>2025<\/td><td>2024<\/td><td><\/td><\/tr><tr><td>Betalande medlemmar&nbsp;&nbsp;&nbsp;&nbsp;&nbsp;&nbsp;&nbsp;&nbsp;&nbsp;&nbsp;&nbsp;&nbsp;&nbsp;&nbsp;&nbsp;&nbsp;&nbsp;&nbsp;&nbsp;&nbsp;&nbsp;&nbsp;&nbsp;&nbsp;&nbsp;&nbsp;&nbsp;&nbsp;&nbsp;&nbsp;&nbsp;&nbsp;&nbsp;&nbsp;&nbsp;&nbsp;&nbsp;&nbsp;&nbsp;&nbsp;&nbsp;&nbsp;&nbsp;&nbsp;&nbsp;&nbsp;&nbsp;<\/td><td><\/td><td>59<\/td><td>76<\/td><td>-17<\/td><\/tr><\/tbody><\/table><\/figure>\n\n\n\n<p>Revisionsber\u00e4ttelse 2025 ( 1\/1-31\/12 )<\/p>\n\n\n\n<p>Till \u00e5rsm\u00f6tet f\u00f6r F\u00f6reningen Karl Nordstr\u00f6m Org.nr: 853301-0958<\/p>\n\n\n\n<p>Enligt v\u00e5r uppfattning har \u00e5rsbokslutet uppr\u00e4ttats i enlighet med \u00e5rsredovisningslagen och ger en i alla v\u00e4sentliga avseenden r\u00e4ttvisande bild av f\u00f6reningens finansiella st\u00e4llning per den 31\/12 \u2013 2025.<\/p>\n\n\n\n<p>Vi tillstyrker d\u00e4rf\u00f6r att \u00e5rsm\u00f6tet fastst\u00e4ller resultatr\u00e4kningen och balansr\u00e4kningen.<\/p>\n\n\n\n<p>Revisor Bj\u00f6rn Johannessen&nbsp;&nbsp;&nbsp;&nbsp;&nbsp;&nbsp;&nbsp;&nbsp;&nbsp;&nbsp;&nbsp;&nbsp;&nbsp;&nbsp; Revisor Peter B\u00e4cklund<\/p>\n\n\n\n<p>Februari 2026&nbsp;&nbsp;&nbsp;&nbsp;&nbsp;&nbsp;&nbsp;&nbsp;&nbsp;&nbsp;&nbsp;&nbsp;&nbsp;&nbsp;&nbsp;&nbsp;&nbsp;&nbsp;&nbsp;&nbsp;&nbsp;&nbsp;&nbsp;&nbsp;&nbsp;&nbsp;&nbsp;&nbsp;&nbsp;&nbsp;&nbsp;&nbsp;&nbsp;&nbsp;&nbsp;&nbsp;&nbsp;&nbsp; Februari 2026<\/p>\n\n\n\n<p><\/p>\n","protected":false},"excerpt":{"rendered":"<p>&nbsp;&nbsp; Kallelse till \u00e5rsm\u00f6te f\u00f6r f\u00f6reningen Karl Nordstr\u00f6m, 29 mars 2026, klockan 15.00&nbsp; i matsalen p\u00e5 Billstr\u00f6mska folkh\u00f6gskolan. F\u00f6rslag till dagordning \u00a7 1 M\u00f6tets \u00f6ppnande \u00a7 2 Fr\u00e5ga om m\u00f6tets beh\u00f6riga utlysande \u00a7 3 Fastst\u00e4llande av dagordning \u00a7 4 Val av m\u00f6tesordf\u00f6rande \u00a7 5 Val av sekreterare f\u00f6r m\u00f6tet \u00a7 6 Val av tv\u00e5 justeringspersoner &hellip; <a href=\"https:\/\/fkn.se\/index.php\/arsmoteshandlingar\/\" class=\"more-link\">Forts\u00e4tt l\u00e4sa <span class=\"screen-reader-text\">\u00c5rsm\u00f6teshandlingar<\/span><\/a><\/p>\n","protected":false},"author":24,"featured_media":0,"parent":0,"menu_order":0,"comment_status":"closed","ping_status":"closed","template":"","meta":{"footnotes":""},"class_list":["post-4580","page","type-page","status-publish","hentry"],"_links":{"self":[{"href":"https:\/\/fkn.se\/index.php\/wp-json\/wp\/v2\/pages\/4580","targetHints":{"allow":["GET"]}}],"collection":[{"href":"https:\/\/fkn.se\/index.php\/wp-json\/wp\/v2\/pages"}],"about":[{"href":"https:\/\/fkn.se\/index.php\/wp-json\/wp\/v2\/types\/page"}],"author":[{"embeddable":true,"href":"https:\/\/fkn.se\/index.php\/wp-json\/wp\/v2\/users\/24"}],"replies":[{"embeddable":true,"href":"https:\/\/fkn.se\/index.php\/wp-json\/wp\/v2\/comments?post=4580"}],"version-history":[{"count":7,"href":"https:\/\/fkn.se\/index.php\/wp-json\/wp\/v2\/pages\/4580\/revisions"}],"predecessor-version":[{"id":4602,"href":"https:\/\/fkn.se\/index.php\/wp-json\/wp\/v2\/pages\/4580\/revisions\/4602"}],"wp:attachment":[{"href":"https:\/\/fkn.se\/index.php\/wp-json\/wp\/v2\/media?parent=4580"}],"curies":[{"name":"wp","href":"https:\/\/api.w.org\/{rel}","templated":true}]}}