{"id":2239,"date":"2019-04-07T22:56:34","date_gmt":"2019-04-07T20:56:34","guid":{"rendered":"http:\/\/fkn2.elji.info\/?page_id=2239"},"modified":"2019-04-07T23:26:00","modified_gmt":"2019-04-07T21:26:00","slug":"det-aterskapade-hotel-chevillon-i-grez-sur-loing","status":"publish","type":"page","link":"https:\/\/fkn.se\/index.php\/det-aterskapade-hotel-chevillon-i-grez-sur-loing\/","title":{"rendered":"Det \u00e5terskapade H\u00d4TEL CHEVILLON  i Grez-sur-Loing"},"content":{"rendered":"<p>Martin Fritz, Det \u00e5terskapade H\u00d4TEL CHEVILLON i Grez-sur-Loing (2013, Warne f\u00f6rlag)<\/p>\n<p>Martin Fritz, tidigare professor i ekonomisk historia vid G\u00f6teborgs universitet,\u00a0 skildrar det dramatiska f\u00f6rv\u00e4rvet av H\u00f4tel Chevillon och starten av den\u00a0\u00a0 g\u00f6teborgsbaserade Stiftelsen Grez-sur-Loing och den inte helt oproblematiska uppbyggnaden av verksamheten i ett fr\u00e4mmande land. Med hj\u00e4lp av donationer, insamlade medel och mycket ideellt arbete har man p\u00e5 nytt kunnat skapa utm\u00e4rkta f\u00f6ruts\u00e4ttningar f\u00f6r konstn\u00e4rlig och intellektuell verksamhet i samma milj\u00f6, som den skandinaviska konstn\u00e4rskolonin &#8211; med bl a Karl Nordstr\u00f6m &#8211; levde i p\u00e5 1880-talet i Frankrike. Alf Elmberg, en av initiativtagarna till projektet: &#8221;Det \u00e4r en v\u00e4lskriven bok med n\u00e5got om &#8217;De Gyllene \u00e5ren&#8217;\u00a0 men mest om v\u00e5r tid, dvs fr\u00e5n 1986. Den \u00e4r illustrerad p\u00e5 ett f\u00f6rn\u00e4mligt s\u00e4tt.&#8221;<\/p>\n<p><a href=\"http:\/\/fkn.se\/det-aterskapade-hotel-chevillon-i-grez-sur-loing\/hotel-chevillon\/\" rel=\"attachment wp-att-2246\"><img loading=\"lazy\" decoding=\"async\" class=\"alignnone wp-image-2246\" src=\"http:\/\/fkn.se\/wp-content\/uploads\/2019\/04\/H\u00f4tel-Chevillon-715x1024.jpg\" alt=\"\" width=\"235\" height=\"336\" srcset=\"https:\/\/fkn.se\/wp-content\/uploads\/2019\/04\/H\u00f4tel-Chevillon-715x1024.jpg 715w, https:\/\/fkn.se\/wp-content\/uploads\/2019\/04\/H\u00f4tel-Chevillon-210x300.jpg 210w, https:\/\/fkn.se\/wp-content\/uploads\/2019\/04\/H\u00f4tel-Chevillon-768x1100.jpg 768w, https:\/\/fkn.se\/wp-content\/uploads\/2019\/04\/H\u00f4tel-Chevillon.jpg 1195w\" sizes=\"auto, (max-width: 235px) 100vw, 235px\" \/><\/a><\/p>\n","protected":false},"excerpt":{"rendered":"<p>itz<\/p>\n","protected":false},"author":4,"featured_media":0,"parent":0,"menu_order":0,"comment_status":"closed","ping_status":"closed","template":"","meta":{"footnotes":""},"class_list":["post-2239","page","type-page","status-publish","hentry"],"_links":{"self":[{"href":"https:\/\/fkn.se\/index.php\/wp-json\/wp\/v2\/pages\/2239","targetHints":{"allow":["GET"]}}],"collection":[{"href":"https:\/\/fkn.se\/index.php\/wp-json\/wp\/v2\/pages"}],"about":[{"href":"https:\/\/fkn.se\/index.php\/wp-json\/wp\/v2\/types\/page"}],"author":[{"embeddable":true,"href":"https:\/\/fkn.se\/index.php\/wp-json\/wp\/v2\/users\/4"}],"replies":[{"embeddable":true,"href":"https:\/\/fkn.se\/index.php\/wp-json\/wp\/v2\/comments?post=2239"}],"version-history":[{"count":3,"href":"https:\/\/fkn.se\/index.php\/wp-json\/wp\/v2\/pages\/2239\/revisions"}],"predecessor-version":[{"id":2248,"href":"https:\/\/fkn.se\/index.php\/wp-json\/wp\/v2\/pages\/2239\/revisions\/2248"}],"wp:attachment":[{"href":"https:\/\/fkn.se\/index.php\/wp-json\/wp\/v2\/media?parent=2239"}],"curies":[{"name":"wp","href":"https:\/\/api.w.org\/{rel}","templated":true}]}}