{"id":1767,"date":"2018-08-10T19:23:49","date_gmt":"2018-08-10T17:23:49","guid":{"rendered":"http:\/\/fkn2.elji.info\/?page_id=1767"},"modified":"2020-09-28T15:13:18","modified_gmt":"2020-09-28T13:13:18","slug":"nordstrom-och-prins-eugen","status":"publish","type":"page","link":"https:\/\/fkn.se\/index.php\/nordstrom-och-prins-eugen\/","title":{"rendered":"Nordstr\u00f6m och Prins Eugen"},"content":{"rendered":"<p>I sin bok\u00a0<strong>KONSTN\u00c4R OCH BANBRYTARE<\/strong>\u00a0(2012) \u00a0&#8211; se Medlemsinfo! &#8211; ber\u00e4ttar Alf Elmberg om Karl Nordstr\u00f6ms goda relationer med Prins Eugen, inte minst under \u00e5ren 1918-1919 d\u00e5 chefsfr\u00e5gan f\u00f6r Nationalmuseum var aktuell. \u00a0L\u00e5ngt senare, flera \u00e5r efter Nordstr\u00f6ms bortg\u00e5ng 1923, fick Prinsen tillf\u00e4lle att bes\u00f6ka Tj\u00f6rn, ett bes\u00f6k Elmberg levandeg\u00f6r i f\u00f6ljande Epilog.<\/p>\n<p>&nbsp;<\/p>\n<p>&#8221;F\u00d6GA K\u00c4ND, N\u00c4STAN OK\u00c4ND<\/p>\n<p>Det var efterkrigssommar, andra v\u00e4rldskriget. Krigs\u00e5ren k\u00e4ndes ibland som \u00e4nnu n\u00e4rvarande, eftersom det fortfarande var ransoneringstider, brist p\u00e5 vissa dagligvaror. P\u00e5 Tj\u00f6rn s\u00e5g man numera s\u00e4llan milit\u00e4rernas uniformer och vapen, inga gr\u00f6trockar. Det milit\u00e4ra spaningsflyget h\u00f6rde inte l\u00e4ngre till vardagen.<\/p>\n<p>Sommardagen var varm, n\u00e4stan het och ingen vind. Det var sk\u00f6rdetid, fr\u00e5n \u00e5krarna i Hovlandadalen h\u00f6rdes denna dag sl\u00e5ttermaskinernas monotona brummande. P\u00e5 de sm\u00e5 grusv\u00e4garna var n\u00e4stan ingen trafik. P\u00e5 \u00e5krarna vid Hoga hade man redan b\u00f6rjat att h\u00e4nga h\u00f6et. H\u00e4ssjorna stod som tillf\u00e4lliga monument, torkv\u00e4dret var det b\u00e4sta. Det doftade god sommar.<\/p>\n<figure id=\"attachment_153\" aria-describedby=\"caption-attachment-153\" style=\"width: 307px\" class=\"wp-caption aligncenter\"><img loading=\"lazy\" decoding=\"async\" class=\"wp-image-153\" src=\"http:\/\/fkn.se\/wp-content\/uploads\/2015\/09\/vid-skordetid-bohuslan.jpg\" alt=\"Vid sk\u00f6rdetid, Bohusl\u00e4n, Tj\u00f6rn, 1886. (Olja p\u00e5 duk). \" width=\"307\" height=\"442\" srcset=\"https:\/\/fkn.se\/wp-content\/uploads\/2015\/09\/vid-skordetid-bohuslan.jpg 444w, https:\/\/fkn.se\/wp-content\/uploads\/2015\/09\/vid-skordetid-bohuslan-208x300.jpg 208w\" sizes=\"auto, (max-width: 307px) 100vw, 307px\" \/><figcaption id=\"caption-attachment-153\" class=\"wp-caption-text\">Karl Nordstr\u00f6m, <em>Vid sk\u00f6rdetid.\u00a0<\/em> 1886<\/figcaption><\/figure>\n<p>Erik Nordstr\u00f6m, landsfiskalen, satt i sitt kontorsrum p\u00e5 Hoga, lyssnade p\u00e5 radionyheterna, dagstidningarna hade han l\u00e4st tidigt p\u00e5 morgon, inga ny-heter av betydelse ans\u00e5g han. Landsfiskalen hade st\u00e4llt f\u00f6nstret p\u00e5 gl\u00e4nt och p\u00e5 bordet framf\u00f6r honom l\u00e5g r\u00e4ttshandlingar, som han skulle g\u00e5 igenom. Men egentligen var hans tankar p\u00e5 annat h\u00e5ll \u00e4n det, som h\u00f6rde till hans dagliga uppgifter i \u00e4mbetet; hans tankar handlade om broarna, om brof\u00f6rbindelsen med fastlandet, som n\u00e4stan st\u00e4ndigt engagerade honom. Han var broplanernas fr\u00e4mste och kraftfulle f\u00f6respr\u00e5kare. Landsfiskal Erik Nordstr\u00f6m var en man i sin allra b\u00e4sta krafts dagar.<\/p>\n<p>Landsfiskalen str\u00e4ckte sig och lystrade. Han h\u00f6rde ljudet fr\u00e5n en bil, som n\u00e4rmade sig. Motorljudet upph\u00f6rde, bilden stannade. Han t\u00e4nkte efter, men han kunde inte erinra sig, att han v\u00e4ntade p\u00e5 bes\u00f6k. Det var s\u00e4kert n\u00e5gon, som var p\u00e5 v\u00e4g mot S\u00e4bylund eller l\u00e4ngre ner l\u00e4ngs v\u00e4gen och var os\u00e4ker p\u00e5 sitt m\u00e5l. Britta, dottern som var hemma p\u00e5 semester och var nu ute i tr\u00e4dg\u00e5rden, skulle s\u00e4kert vara behj\u00e4lplig med v\u00e4gvisning. Erik Nordstr\u00f6m lutade sig p\u00e5 nytt \u00f6ver sina papper.<\/p>\n<p>Britta kom in, hon s\u00e5g n\u00e4stan lite f\u00f6rvirrad ut, f\u00f6rklarade att det var en mycket fin herre, som v\u00e4ntade utanf\u00f6r i en stor och fin bil och med privatchauff\u00f6r. Han hade fr\u00e5gat, om det var h\u00e4r som Karl Nordstr\u00f6m hade bott.<\/p>\n<p>Erik Nordstr\u00f6m reste sig f\u00f6r att g\u00e5 ut, passerade spegeln och r\u00e4ttade till kavaj och slips och tog p\u00e5 sig hatten. V\u00e4l utomhus tog det inte l\u00e5ng stund, innan landsfiskalen ins\u00e5g, att den v\u00e4ntande fine herrn var prins Eugen i egen h\u00f6g person. Prinsen f\u00f6rklarade sitt \u00e4rende och sa sedan n\u00e5got om sin m\u00e5ng\u00e5riga v\u00e4nskap med Karl Nordstr\u00f6m, den k\u00e4nde konstn\u00e4ren, som var landsfiskalens sedan l\u00e4nge avlidne farbroder. Under sitt bes\u00f6k i Bohusl\u00e4n hade prinsen inte kunnat motst\u00e5 sin \u00f6nskan att f\u00e5 se den bygd, d\u00e4r konstn\u00e4ren hade v\u00e4xt upp och som han s\u00e5 g\u00e4rna \u00e5terv\u00e4nde till. Och nu hade han \u00e4ntligen kommit till Karl Nordstr\u00f6ms barndomshem.<\/p>\n<figure id=\"attachment_1307\" aria-describedby=\"caption-attachment-1307\" style=\"width: 300px\" class=\"wp-caption aligncenter\"><a href=\"http:\/\/fkn.se\/wp-content\/uploads\/2017\/05\/Hoga-dal-JPEG.jpg\" rel=\"attachment wp-att-1307\"><img loading=\"lazy\" decoding=\"async\" class=\"wp-image-1307 size-medium\" src=\"http:\/\/fkn.se\/wp-content\/uploads\/2017\/05\/Hoga-dal-JPEG-300x232.jpg\" alt=\"Hoga dal JPEG\" width=\"300\" height=\"232\" srcset=\"https:\/\/fkn.se\/wp-content\/uploads\/2017\/05\/Hoga-dal-JPEG-300x232.jpg 300w, https:\/\/fkn.se\/wp-content\/uploads\/2017\/05\/Hoga-dal-JPEG.jpg 477w\" sizes=\"auto, (max-width: 300px) 100vw, 300px\" \/><\/a><figcaption id=\"caption-attachment-1307\" class=\"wp-caption-text\">Karl Nordstr\u00f6m, <em>Hoga dal p\u00e5 Tj\u00f6rn<\/em>. 1897<\/figcaption><\/figure>\n<p>Landsfiskalen k\u00e4nde sig f\u00f6rl\u00e4gen och detta var mycket ovanligt, han blev tyst. Han var ju som folk i allm\u00e4nhet p\u00e5 Tj\u00f6rn och allts\u00e5 inte s\u00e4rskilt intresserad av konst. Om sin farbror Karl och dennes liv som konstn\u00e4r visste han f\u00f6ga. Kusinen Mats i Norrk\u00f6ping hade visserligen sagt n\u00e5got d\u00e5 och d\u00e5, men sj\u00e4lv hade han \u00e4gnat sig \u00e5t annat \u00e4n konst. Prinsen f\u00f6rstod snabbt, att Karls brorson inte var s\u00e5 v\u00e4l underr\u00e4ttad om sin farbror. Han ber\u00e4ttade d\u00e4rf\u00f6r om hur goda v\u00e4nner han och Karl hade varit och han n\u00e4mnde, att i sitt hus p\u00e5 Djurg\u00e5rden i Stockholm hade han flera verk av Karl. Han n\u00e4mnde ocks\u00e5 Richard Berghs stora bild av konst-n\u00e4rsf\u00f6rbundets styrelse med Karl som ordf\u00f6rande och f\u00f6r att riktigt tydligt f\u00f6rklara sin goda v\u00e4nskap med Karl ber\u00e4ttade han om bysten i tr\u00e4dg\u00e5rden, som Carl Eldh hade gjort.<\/p>\n<p>Innan det var dags f\u00f6r prinsen att fara vidare, fr\u00e5gade han om v\u00e4gen till H\u00e4r\u00f6n. Landsfiskalen f\u00f6rklarade, h\u00f6gst 20 minuter med bil och man kunde k\u00f6ra \u00e4nda ner till bryggan vid sundet med H\u00e4r\u00f6n mittemot. Han skulle g\u00e4rna f\u00f6rs\u00f6ka att ringa till k\u00f6pmannen Lachonius och fr\u00e5ga, om det fanns m\u00f6jlighet att ordna \u00f6verfart. Prinsen avb\u00f6jde, det r\u00e4ckte gott att f\u00e5 se \u00f6n fr\u00e5n bryggan vid sundet. Bes\u00f6ket p\u00e5 Hoga var avslutat, den kungliga bilen rullade vidare.<\/p>\n<figure id=\"attachment_1306\" aria-describedby=\"caption-attachment-1306\" style=\"width: 660px\" class=\"wp-caption alignnone\"><a href=\"http:\/\/fkn.se\/karl-nordstrom-och-tjorn\/fiskarstugor-vid-sundet-1917\/\" rel=\"attachment wp-att-1306\"><img loading=\"lazy\" decoding=\"async\" class=\"wp-image-1306 size-large\" src=\"http:\/\/fkn.se\/wp-content\/uploads\/2017\/05\/Fiskarstugor-vid-sundet-1917-1024x742.jpg\" alt=\"\" width=\"660\" height=\"478\" srcset=\"https:\/\/fkn.se\/wp-content\/uploads\/2017\/05\/Fiskarstugor-vid-sundet-1917-1024x742.jpg 1024w, https:\/\/fkn.se\/wp-content\/uploads\/2017\/05\/Fiskarstugor-vid-sundet-1917-300x217.jpg 300w, https:\/\/fkn.se\/wp-content\/uploads\/2017\/05\/Fiskarstugor-vid-sundet-1917-768x556.jpg 768w, https:\/\/fkn.se\/wp-content\/uploads\/2017\/05\/Fiskarstugor-vid-sundet-1917.jpg 1764w\" sizes=\"auto, (max-width: 660px) 100vw, 660px\" \/><\/a><figcaption id=\"caption-attachment-1306\" class=\"wp-caption-text\">F<em>iskarstugor vid sundet. <\/em>1917.<\/figcaption><\/figure>\n<p>Och tiden gick. Prins Eugen dog i augusti 1947. Landsfiskalen p\u00e5 Hoga t\u00e4nkte ofta p\u00e5 hans bes\u00f6k och hade ett par g\u00e5nger samtal med den n\u00e5gra \u00e5r yngre kusinen Mats, som var advokat i Norrk\u00f6ping. Erik Nordstr\u00f6m lyssnade p\u00e5 sin kusins ord om farbrodern Karl och dennes liv som konstn\u00e4r. Vid ett tillf\u00e4lle ber\u00e4ttade Mats, att prinsen hade h\u00e5llit att l\u00e5ngt tal, n\u00e4r utst\u00e4llningen till Karls minne tre \u00e5r efter hans d\u00f6d invigdes i Liljevalchs konsthallar p\u00e5 Djurg\u00e5rden i Stockholm 1926. Mats hade l\u00e4st manuskriptet till talet, som var s\u00e5 personligt och s\u00e5 fint.<\/p>\n<p>Under \u00e5ren, som f\u00f6ljde hade landsfiskalen d\u00e5 och d\u00e5 samtal med tj\u00f6rnbor om sin ber\u00f6mde farbror och han f\u00f6rstod, att denne inte var s\u00e4rskilt k\u00e4nd p\u00e5 \u00f6n. \u00d6borna hade andra intressen \u00e4n konst och det var inte m\u00e5nga, som hade bes\u00f6kt n\u00e5got konstmuseum.<\/p>\n<p>****<\/p>\n<p>Ett par \u00e5r in p\u00e5 50-talet blev Erik Nordstr\u00f6m ombedd att delta i f\u00f6rberedelserna f\u00f6r h\u00f6gtidh\u00e5llandet av sin farbror Karls f\u00f6delse\u00e5r 1955. Han kom, att vara en i den stora kommitt\u00e9, som arrangerade en minnesutst\u00e4llning 1955. En annan ledamot i kommitt\u00e9n var professorn Sixten Str\u00f6mbom i G\u00f6teborg och denne hade mycket stora kunskaper om Karl Nordstr\u00f6m, som inte bara hade varit en ber\u00f6md konstn\u00e4r men ocks\u00e5 under m\u00e5nga \u00e5r ordf\u00f6rande i det svenska konstn\u00e4rsf\u00f6rbundet och som s\u00e5dan gjort viktiga insatser. Landsfiskalen lyssnade med intresse p\u00e5 professorn.<\/p>\n<p>Minnesutst\u00e4llningen 1955 \u00e4gde rum p\u00e5 Billstr\u00f6mska Folkh\u00f6gskolan under ett par juliveckor. Det var den varmaste sommaren p\u00e5 m\u00e5nga \u00e5r, en stor utst\u00e4llning och den omfattade 56 verk, som hade l\u00e5nats ut av b\u00e5de mus\u00e9er och privatpersoner. Av den anspr\u00e5ksl\u00f6sa katalogen framgick, att bist\u00e5nd f\u00f6r att ordna utst\u00e4llningen hade l\u00e4mnats av G\u00f6teborgs Universitets Konstvetenskapliga institution.<\/p>\n<p>Det var k\u00e4nt, att det existerade en kopia av den Nordstr\u00f6mbyst, som Carl Eldh hade gjort och som fanns p\u00e5 Prins Eugens Waldemarsudde. Kopian \u00e4gdes av Carl Eldhs efterl\u00e4mnade maka och dotter. De tillfr\u00e5gades om m\u00f6jligheten att k\u00f6pa den f\u00f6r placering i folkh\u00f6gskolans tr\u00e4dg\u00e5rd. Det positiva svaret ledde till att en insamling startades p\u00e5 Tj\u00f6rn. Trots penning-g\u00e5vor \u00e4ven fr\u00e5n andra h\u00e5ll visade det sig, att de insamlade medlen inte r\u00e4ckte till. Men med h\u00e4nsyn till att v\u00e4nskapen mellan Eldh och Nordstr\u00f6m hade varit s\u00e5 stark beviljade skulpt\u00f6rens efterl\u00e4mnade maka och dotter en avsev\u00e4rd prisneds\u00e4ttning. I samband med utst\u00e4llningen avt\u00e4cktes bysten.<\/p>\n<figure id=\"attachment_1314\" aria-describedby=\"caption-attachment-1314\" style=\"width: 258px\" class=\"wp-caption aligncenter\"><a href=\"http:\/\/fkn.se\/wp-content\/uploads\/2017\/05\/Byst.jpg\" rel=\"attachment wp-att-1314\"><img loading=\"lazy\" decoding=\"async\" class=\"wp-image-1314\" src=\"http:\/\/fkn.se\/wp-content\/uploads\/2017\/05\/Byst-202x300.jpg\" alt=\"Byst\" width=\"258\" height=\"383\" srcset=\"https:\/\/fkn.se\/wp-content\/uploads\/2017\/05\/Byst-202x300.jpg 202w, https:\/\/fkn.se\/wp-content\/uploads\/2017\/05\/Byst.jpg 275w\" sizes=\"auto, (max-width: 258px) 100vw, 258px\" \/><\/a><figcaption id=\"caption-attachment-1314\" class=\"wp-caption-text\">Carl Eldhs byst av Karl Nordstr\u00f6m. Billstr\u00f6mska folkh\u00f6gakolan.\u00a0\u00a0\u00a0\u00a0\u00a0\u00a0\u00a0\u00a0\u00a0\u00a0 Foto: Anders Littke<\/figcaption><\/figure>\n<p>*****<\/p>\n<p>Denna lilla ber\u00e4ttelse till\u00e4gnas minnet av \u00c5ke Forsman. \u00c5ke var med, n\u00e4r F\u00f6reningen Karl Nordstr\u00f6m bildades den 28 januari 1990 och han var f\u00f6reningens f\u00f6rste sekreterare. Som ung l\u00e4rare p\u00e5 Billstr\u00f6mska Folkh\u00f6gskolan hade \u00c5ke varit med i den kommitt\u00e9, som arrangerade minnesutst\u00e4llningen 1955.&#8221;<\/p>\n<p>Alf Elmberg 2012, rev. 2017<\/p>\n<p>Copyright Alf Elmberg<\/p>\n<p>&nbsp;<\/p>\n<p>&nbsp;<\/p>\n","protected":false},"excerpt":{"rendered":"<p>I sin bok\u00a0KONSTN\u00c4R OCH BANBRYTARE\u00a0(2012) \u00a0&#8211; se Medlemsinfo! &#8211; ber\u00e4ttar Alf Elmberg om Karl Nordstr\u00f6ms goda relationer med Prins Eugen, inte minst under \u00e5ren 1918-1919 d\u00e5 chefsfr\u00e5gan f\u00f6r Nationalmuseum var aktuell. \u00a0L\u00e5ngt senare, flera \u00e5r efter Nordstr\u00f6ms bortg\u00e5ng 1923, fick Prinsen tillf\u00e4lle att bes\u00f6ka Tj\u00f6rn, ett bes\u00f6k Elmberg levandeg\u00f6r i f\u00f6ljande Epilog. &nbsp; &#8221;F\u00d6GA K\u00c4ND, &hellip; <a href=\"https:\/\/fkn.se\/index.php\/nordstrom-och-prins-eugen\/\" class=\"more-link\">Forts\u00e4tt l\u00e4sa <span class=\"screen-reader-text\">Nordstr\u00f6m och Prins Eugen<\/span><\/a><\/p>\n","protected":false},"author":4,"featured_media":0,"parent":0,"menu_order":0,"comment_status":"closed","ping_status":"closed","template":"","meta":{"footnotes":""},"class_list":["post-1767","page","type-page","status-publish","hentry"],"_links":{"self":[{"href":"https:\/\/fkn.se\/index.php\/wp-json\/wp\/v2\/pages\/1767","targetHints":{"allow":["GET"]}}],"collection":[{"href":"https:\/\/fkn.se\/index.php\/wp-json\/wp\/v2\/pages"}],"about":[{"href":"https:\/\/fkn.se\/index.php\/wp-json\/wp\/v2\/types\/page"}],"author":[{"embeddable":true,"href":"https:\/\/fkn.se\/index.php\/wp-json\/wp\/v2\/users\/4"}],"replies":[{"embeddable":true,"href":"https:\/\/fkn.se\/index.php\/wp-json\/wp\/v2\/comments?post=1767"}],"version-history":[{"count":18,"href":"https:\/\/fkn.se\/index.php\/wp-json\/wp\/v2\/pages\/1767\/revisions"}],"predecessor-version":[{"id":3188,"href":"https:\/\/fkn.se\/index.php\/wp-json\/wp\/v2\/pages\/1767\/revisions\/3188"}],"wp:attachment":[{"href":"https:\/\/fkn.se\/index.php\/wp-json\/wp\/v2\/media?parent=1767"}],"curies":[{"name":"wp","href":"https:\/\/api.w.org\/{rel}","templated":true}]}}