{"id":173,"date":"2015-09-10T11:22:08","date_gmt":"2015-09-10T09:22:08","guid":{"rendered":"http:\/\/fkn2.elji.info\/?page_id=173"},"modified":"2020-09-26T14:55:25","modified_gmt":"2020-09-26T12:55:25","slug":"lansmansfruar-pa-hoga","status":"publish","type":"page","link":"https:\/\/fkn.se\/index.php\/medlemsinfo\/lansmansfruar-pa-hoga\/","title":{"rendered":"L\u00e4nsmansfruar p\u00e5 Hoga"},"content":{"rendered":"<h4>Levnadsber\u00e4ttelser utgivna av <b>Solveig Persson\u00a0(2012)<\/b><\/h4>\n<p><img loading=\"lazy\" decoding=\"async\" class=\"alignright size-full wp-image-235\" src=\"http:\/\/fkn.se\/wp-content\/uploads\/2015\/09\/Levnadsberattelser.jpg\" alt=\"Levnadsberattelser\" width=\"160\" height=\"196\" \/>Solveig Persson, k\u00e4nd hembygdsforskare och f d ordf\u00f6rande i Tj\u00f6rns Hembygdsf\u00f6reningen, har gett ut tv\u00e5 manuskript med anknytning till Hoga, Karl Nordstr\u00f6ms f\u00f6delseplats p\u00e5 Tj\u00f6rn. Den ena \u00e4r sl\u00e4ktanteckningar av Alfhild Nordstr\u00f6m, konstn\u00e4rens syster, d\u00e4r hon skrivit ner vad hennes och Karls mor Britt-Louise Nordstr\u00f6m ber\u00e4ttat om sin uppv\u00e4xt p\u00e5 Orust och senare om sin tid som l\u00e4nsmansfru p\u00e5 Hoga. Alfhild skriver ocks\u00e5 om sin egen uppv\u00e4xttid p\u00e5 Hoga.<\/p>\n<p>Det andra manuskriptet \u00e4r ett l\u00e5ngt P\u00e5skbrev fr\u00e5n 1939, som Maria Nordstr\u00f6m skriver till sin son &#8221;Jona&#8221; efter ett l\u00e5ngt liv som husmor och l\u00e4nsmansfru p\u00e5 Hoga. Hon gifte sig 1890, 20 \u00e5r gammal, med l\u00e4nsmannen Johan Nordstr\u00f6m, bror till Karl Nordstr\u00f6m, och fick d\u00e5 \u00f6verta ett stort hush\u00e5ll. Brevet ber\u00e4ttar om hennes uppv\u00e4xttid p\u00e5 Sundsby med underrubriker som: Beskrivning av rummen p\u00e5 Sundsby, Pigor och dr\u00e4ngar, Ladug\u00e5rd, stall och uthus, Far och aff\u00e4rer, Tr\u00e4dg\u00e5rdsm\u00e4starbostaden och frukttr\u00e4dg\u00e5rden, Kyrkog\u00e5ng, Pojkstreck, Badg\u00e4ster, F\u00e4rjef\u00f6rbindelser till fastlandet, Sundsby bro, Julslakt, Ljusst\u00f6pning, Julafton, Julotta, Midsommar.<\/p>\n<p>I ber\u00e4ttande form f\u00f6rmedlar boken upplevd 1800-tals historia, kvinnohistoria och historia fr\u00e5n Orust och Tj\u00f6rn, och har stort v\u00e4rde som samtida tidsdokument. Den \u00e4r illustrerad med flera portr\u00e4tt och tidstypiska fotografier.<\/p>\n<p>&nbsp;<\/p>\n","protected":false},"excerpt":{"rendered":"<p>Levnadsber\u00e4ttelser utgivna av Solveig Persson\u00a0(2012) Solveig Persson, k\u00e4nd hembygdsforskare och f d ordf\u00f6rande i Tj\u00f6rns Hembygdsf\u00f6reningen, har gett ut tv\u00e5 manuskript med anknytning till Hoga, Karl Nordstr\u00f6ms f\u00f6delseplats p\u00e5 Tj\u00f6rn. Den ena \u00e4r sl\u00e4ktanteckningar av Alfhild Nordstr\u00f6m, konstn\u00e4rens syster, d\u00e4r hon skrivit ner vad hennes och Karls mor Britt-Louise Nordstr\u00f6m ber\u00e4ttat om sin uppv\u00e4xt p\u00e5 &hellip; <a href=\"https:\/\/fkn.se\/index.php\/medlemsinfo\/lansmansfruar-pa-hoga\/\" class=\"more-link\">Forts\u00e4tt l\u00e4sa <span class=\"screen-reader-text\">L\u00e4nsmansfruar p\u00e5 Hoga<\/span><\/a><\/p>\n","protected":false},"author":2,"featured_media":0,"parent":13,"menu_order":0,"comment_status":"closed","ping_status":"closed","template":"","meta":{"footnotes":""},"class_list":["post-173","page","type-page","status-publish","hentry"],"_links":{"self":[{"href":"https:\/\/fkn.se\/index.php\/wp-json\/wp\/v2\/pages\/173","targetHints":{"allow":["GET"]}}],"collection":[{"href":"https:\/\/fkn.se\/index.php\/wp-json\/wp\/v2\/pages"}],"about":[{"href":"https:\/\/fkn.se\/index.php\/wp-json\/wp\/v2\/types\/page"}],"author":[{"embeddable":true,"href":"https:\/\/fkn.se\/index.php\/wp-json\/wp\/v2\/users\/2"}],"replies":[{"embeddable":true,"href":"https:\/\/fkn.se\/index.php\/wp-json\/wp\/v2\/comments?post=173"}],"version-history":[{"count":14,"href":"https:\/\/fkn.se\/index.php\/wp-json\/wp\/v2\/pages\/173\/revisions"}],"predecessor-version":[{"id":3116,"href":"https:\/\/fkn.se\/index.php\/wp-json\/wp\/v2\/pages\/173\/revisions\/3116"}],"up":[{"embeddable":true,"href":"https:\/\/fkn.se\/index.php\/wp-json\/wp\/v2\/pages\/13"}],"wp:attachment":[{"href":"https:\/\/fkn.se\/index.php\/wp-json\/wp\/v2\/media?parent=173"}],"curies":[{"name":"wp","href":"https:\/\/api.w.org\/{rel}","templated":true}]}}